{"id":1395,"date":"2022-10-14T18:37:25","date_gmt":"2022-10-14T18:37:25","guid":{"rendered":"http:\/\/www.demariteemu.fi\/?page_id=1395"},"modified":"2024-01-21T10:28:38","modified_gmt":"2024-01-21T10:28:38","slug":"ansioluettelo","status":"publish","type":"page","link":"http:\/\/www.demariteemu.fi\/?page_id=1395","title":{"rendered":"Ansioluettelo"},"content":{"rendered":"\t\t<div data-elementor-type=\"wp-page\" data-elementor-id=\"1395\" class=\"elementor elementor-1395\">\n\t\t\t\t\t\t\t\t\t<section class=\"elementor-section elementor-top-section elementor-element elementor-element-63202cd elementor-section-boxed elementor-section-height-default elementor-section-height-default\" data-id=\"63202cd\" data-element_type=\"section\">\n\t\t\t\t\t\t<div class=\"elementor-container elementor-column-gap-default\">\n\t\t\t\t\t<div class=\"elementor-column elementor-col-50 elementor-top-column elementor-element elementor-element-7c84394\" data-id=\"7c84394\" data-element_type=\"column\">\n\t\t\t<div class=\"elementor-widget-wrap elementor-element-populated\">\n\t\t\t\t\t\t\t\t<div class=\"elementor-element elementor-element-8b74eea elementor-widget elementor-widget-text-editor\" data-id=\"8b74eea\" data-element_type=\"widget\" data-widget_type=\"text-editor.default\">\n\t\t\t\t<div class=\"elementor-widget-container\">\n\t\t\t<style>\/*! elementor - v3.11.2 - 22-02-2023 *\/\n.elementor-widget-text-editor.elementor-drop-cap-view-stacked .elementor-drop-cap{background-color:#818a91;color:#fff}.elementor-widget-text-editor.elementor-drop-cap-view-framed .elementor-drop-cap{color:#818a91;border:3px solid;background-color:transparent}.elementor-widget-text-editor:not(.elementor-drop-cap-view-default) .elementor-drop-cap{margin-top:8px}.elementor-widget-text-editor:not(.elementor-drop-cap-view-default) .elementor-drop-cap-letter{width:1em;height:1em}.elementor-widget-text-editor .elementor-drop-cap{float:left;text-align:center;line-height:1;font-size:50px}.elementor-widget-text-editor .elementor-drop-cap-letter{display:inline-block}<\/style>\t\t\t\t<p>NYKYISET LUOTTAMUSTOIMET<\/p>\n<ul>\n<li>SDP j\u00e4sen 2016- ja puoluevaltuuston j\u00e4sen 2023-<\/li>\n<li>Kuopion kaupunginvaltuuston varavaltuutettu 2021-<\/li>\n<li>Hyvinvoinnin edist\u00e4misen lautakunta varsinainen j\u00e4sen 2021-<\/li>\n<li>Pohjois-Savon hyvinvointialueen vara-valtuutettu ja Strategia ja Tulevaisuusjaoston varaj\u00e4sen 2022-<\/li>\n<li>Ekomodernistit ymp\u00e4rist\u00f6j\u00e4rjest\u00f6n puheenjohtaja 2024-<\/li>\n<li>Sosialidemokraattisen puolueen eri ty\u00f6ryhmien j\u00e4sen:\n<ul>\n<li style=\"font-size: 17px;\">Ulko- ja turvallisuuspoliittinen ty\u00f6ryhm\u00e4 2024-<\/li>\n<li>Ilmasto ja Ymp\u00e4rist\u00f6 2024-<\/li>\n<li>Elinkeino- ja Energiapolitiikka 2024-<\/li>\n<\/ul>\n<\/li>\n<\/ul>\t\t\t\t\t\t<\/div>\n\t\t\t\t<\/div>\n\t\t\t\t\t<\/div>\n\t\t<\/div>\n\t\t\t\t<div class=\"elementor-column elementor-col-50 elementor-top-column elementor-element elementor-element-24cdb07\" data-id=\"24cdb07\" data-element_type=\"column\">\n\t\t\t<div class=\"elementor-widget-wrap elementor-element-populated\">\n\t\t\t\t\t\t\t\t<div class=\"elementor-element elementor-element-e46ad17 elementor-widget elementor-widget-image\" data-id=\"e46ad17\" data-element_type=\"widget\" data-widget_type=\"image.default\">\n\t\t\t\t<div class=\"elementor-widget-container\">\n\t\t\t<style>\/*! elementor - v3.11.2 - 22-02-2023 *\/\n.elementor-widget-image{text-align:center}.elementor-widget-image a{display:inline-block}.elementor-widget-image a img[src$=\".svg\"]{width:48px}.elementor-widget-image img{vertical-align:middle;display:inline-block}<\/style>\t\t\t\t\t\t\t\t\t\t\t\t<img loading=\"lazy\" decoding=\"async\" width=\"683\" height=\"1024\" src=\"http:\/\/www.demariteemu.fi\/wp-content\/uploads\/2023\/02\/IMG_7872-683x1024.jpg\" class=\"attachment-large size-large wp-image-1929\" alt=\"\" srcset=\"http:\/\/www.demariteemu.fi\/wp-content\/uploads\/2023\/02\/IMG_7872-683x1024.jpg 683w, http:\/\/www.demariteemu.fi\/wp-content\/uploads\/2023\/02\/IMG_7872-200x300.jpg 200w, http:\/\/www.demariteemu.fi\/wp-content\/uploads\/2023\/02\/IMG_7872-768x1152.jpg 768w, http:\/\/www.demariteemu.fi\/wp-content\/uploads\/2023\/02\/IMG_7872-1024x1536.jpg 1024w, http:\/\/www.demariteemu.fi\/wp-content\/uploads\/2023\/02\/IMG_7872-1365x2048.jpg 1365w, http:\/\/www.demariteemu.fi\/wp-content\/uploads\/2023\/02\/IMG_7872-scaled.jpg 1707w\" sizes=\"(max-width: 683px) 100vw, 683px\" \/>\t\t\t\t\t\t\t\t\t\t\t\t\t\t\t<\/div>\n\t\t\t\t<\/div>\n\t\t\t\t\t<\/div>\n\t\t<\/div>\n\t\t\t\t\t\t\t<\/div>\n\t\t<\/section>\n\t\t\t\t<section class=\"elementor-section elementor-top-section elementor-element elementor-element-ee37d8d elementor-section-boxed elementor-section-height-default elementor-section-height-default\" data-id=\"ee37d8d\" data-element_type=\"section\">\n\t\t\t\t\t\t<div class=\"elementor-container elementor-column-gap-default\">\n\t\t\t\t\t<div class=\"elementor-column elementor-col-100 elementor-top-column elementor-element elementor-element-5e2a8cf\" data-id=\"5e2a8cf\" data-element_type=\"column\">\n\t\t\t<div class=\"elementor-widget-wrap elementor-element-populated\">\n\t\t\t\t\t\t\t\t<div class=\"elementor-element elementor-element-303576f elementor-widget elementor-widget-text-editor\" data-id=\"303576f\" data-element_type=\"widget\" data-widget_type=\"text-editor.default\">\n\t\t\t\t<div class=\"elementor-widget-container\">\n\t\t\t\t\t\t\t<p>ANSIOLUETTELO<\/p><p>Olen toiminut Finvector Oy:ss\u00e4 vuodesta 2015 eteenp\u00e4in asiantuntijana eri teht\u00e4viss\u00e4. Nykyinen teht\u00e4v\u00e4nimike on vanhempi Validointi-insin\u00f6\u00f6ri, joka suomeksi tarkoittaa analyysi- ja prosessilaitteiden hyv\u00e4ksynt\u00e4\u00e4 tuotantoon. Lis\u00e4ksi erilaisten dokuemnttien laadinta ovat tulleet tutuksi. Ennen Finvectoria ty\u00f6skentelin Yara Suomi Oy:ss\u00e4 tutkijana, jossa p\u00e4\u00e4sin mm. tutustumaan fosforihapon tuotannon optimointiin bench-mittakaavassa ja erilaisiin rikastuskokeisiin. T\u00e4t\u00e4 ennen ty\u00f6skentelin Sweco Industry:ll\u00e4 erilaisissa projektit\u00f6iss\u00e4 prosessi- ja kaivosteollisuuteen. Ensimm\u00e4isen diplomity\u00f6ni tein Sinebrychoff Oy:lle, jossa oli tavoitteena optimoida maitohappobakteerin kasvualusta sek\u00e4 sen fermentoinnin vaikutus vierrepohjaisen juoman makuprofiiliin. Toisen viimeisimm\u00e4n diplomity\u00f6n tein VRJ Group:lle, jossa tein esiselvityksen biokaasulaitoksen kannattavuudelle. Ty\u00f6ss\u00e4 huomioitiin eri investointilaskentamenetelmi\u00e4 (esim. SPP, NPV ja IRR), suoritettiin energiataselaskentaa laitoksessa syntyv\u00e4n l\u00e4mm\u00f6n ja s\u00e4hk\u00f6n hy\u00f6dynt\u00e4misess\u00e4, eri teknologioiden vertailua ja laitosvaihtoehtojen kustannusten ja tuoton selvitt\u00e4minen ja vertailu.<\/p><p>Muita ty\u00f6paikkoja ovat Oulun yliopisto, jossa tein monen eri nimikkeen alla projektiluontoisia t\u00f6it\u00e4 eri tutkimusryhmille palvelufermentointien ja suunnittelun muodossa. Harjoitteluni tein Jenassa Saksassa Hans-Kn\u00f6ll Instituutissa, jossa bakteriofaagien tuotannolla pyrittiin rekombinanttien vasta-aineiden valintaan, ekspressioon ja karakterisointiin. Lis\u00e4ksi kes\u00e4ty\u00f6t meniv\u00e4t Pietarsaaressa UPM Kymmenell\u00e4 kuivatuslinjoilla ja yhden kes\u00e4n minulla oli ilo olla Olvilla laboranttina. Nuoruudessani lis\u00e4ksi tein mm. todella paljon mainostenjakohommia, olin leiriohjaajana seurakunnalle ja Pelastakaa Lapset Ry:lle, talonmiehen\u00e4 ja raksamiehen\u00e4.<\/p><p>KOULUTUS<\/p><p>Esimies-, asiantuntija- ja tuotannon kehitt\u00e4misty\u00f6 tekniikan alalla, Savonia-AMK, 11\/2014 \u2013 6\/2015, (15 op)<\/p><p>Diplomi-insin\u00f6\u00f6ri, Oulun yliopisto, 2009 \u2013 2012<\/p><ul><li>Koulutusohjelma: Prosessitekniikka 125\/120 op<br \/>P\u00e4\u00e4aine: tuotantoteknologia, sivuaineet: prosessisuunnittelu<\/li><li>Diplomity\u00f6: \u201dBiokaasuliiketoiminnan kehitt\u00e4minen\u201d, arvosana 5\/5<\/li><\/ul><p>Opintoja It\u00e4-Suomen yliopistossa (Kuopio kampus), 2012<\/p><p>Opintoja Jyv\u00e4skyl\u00e4n kes\u00e4yliopistossa, 2009<\/p><ul><li>Biokaasun tuotanto j\u00e4tteist\u00e4 ja energiakasveista, arvosana 5\/5<\/li><li>Biomassa raaka-aineena kemikaaleille ja biopolttoaineille<\/li><\/ul><p>Diplomi-insin\u00f6\u00f6ri, Oulun yliopisto, 2002 \u2013 2009<\/p><ul><li>Koulutusohjelma: Ymp\u00e4rist\u00f6tekniikka 181\/180 ov (300 op)<\/li><li>P\u00e4\u00e4aine: bioprosessitekniikka, sivuaine: prosessisuunnittelu<\/li><li>Diplomity\u00f6: \u201dMaitohappobakteeriprosessin optimointi vierrepohjaista juomaa varten\u201d, arvosana 4\/5<\/li><\/ul><p>Ylioppilas, Pietarsaaren lukio, 2001<\/p>\t\t\t\t\t\t<\/div>\n\t\t\t\t<\/div>\n\t\t\t\t\t<\/div>\n\t\t<\/div>\n\t\t\t\t\t\t\t<\/div>\n\t\t<\/section>\n\t\t\t\t<section class=\"elementor-section elementor-top-section elementor-element elementor-element-9734a57 elementor-section-boxed elementor-section-height-default elementor-section-height-default\" data-id=\"9734a57\" data-element_type=\"section\">\n\t\t\t\t\t\t<div class=\"elementor-container elementor-column-gap-default\">\n\t\t\t\t\t<div class=\"elementor-column elementor-col-100 elementor-top-column elementor-element elementor-element-e9dea72\" data-id=\"e9dea72\" data-element_type=\"column\">\n\t\t\t<div class=\"elementor-widget-wrap elementor-element-populated\">\n\t\t\t\t\t\t\t\t<div class=\"elementor-element elementor-element-859ebc6 elementor-widget elementor-widget-text-editor\" data-id=\"859ebc6\" data-element_type=\"widget\" data-widget_type=\"text-editor.default\">\n\t\t\t\t<div class=\"elementor-widget-container\">\n\t\t\t\t\t\t\t<p>VANHAT LUOTTAMUSTOIMET<\/p><ul style=\"font-size: 17px; font-style: normal; font-weight: 400;\"><li style=\"font-size: 17px;\">Ekomodernistien hallituksen j\u00e4sen 2020-2022<\/li><li style=\"font-size: 17px;\">Kasvun- ja oppimisenlautakunnan varaj\u00e4sen 2017-2021<\/li><li style=\"font-size: 17px;\">Sosialidemokraattisen puolueen eri ty\u00f6ryhmien j\u00e4sen:<br \/><ul style=\"font-size: 17px;\"><li style=\"font-size: 17px;\">Ilmasto ja Ymp\u00e4rist\u00f6 2020-2023<\/li><li style=\"font-size: 17px;\">Elinkeino- ja Energiapolitiikka 2020-2023<\/li><li style=\"font-size: 17px;\">\u00a0Pohjoismainen Yhteisty\u00f6 2020-2023<\/li><\/ul><\/li><\/ul>\t\t\t\t\t\t<\/div>\n\t\t\t\t<\/div>\n\t\t\t\t\t<\/div>\n\t\t<\/div>\n\t\t\t\t\t\t\t<\/div>\n\t\t<\/section>\n\t\t\t\t<section class=\"elementor-section elementor-top-section elementor-element elementor-element-852f879 elementor-section-boxed elementor-section-height-default elementor-section-height-default\" data-id=\"852f879\" data-element_type=\"section\">\n\t\t\t\t\t\t<div class=\"elementor-container elementor-column-gap-default\">\n\t\t\t\t\t<div class=\"elementor-column elementor-col-100 elementor-top-column elementor-element elementor-element-f64a7f6\" data-id=\"f64a7f6\" data-element_type=\"column\">\n\t\t\t<div class=\"elementor-widget-wrap elementor-element-populated\">\n\t\t\t\t\t\t\t\t<div class=\"elementor-element elementor-element-032e4d1 elementor-widget elementor-widget-image\" data-id=\"032e4d1\" data-element_type=\"widget\" data-widget_type=\"image.default\">\n\t\t\t\t<div class=\"elementor-widget-container\">\n\t\t\t\t\t\t\t\t\t\t\t\t\t\t\t<img loading=\"lazy\" decoding=\"async\" width=\"150\" height=\"150\" src=\"http:\/\/www.demariteemu.fi\/wp-content\/uploads\/2022\/10\/SDP_Ruusu_2020_Keyline_RGB-nettika\u0308ytto\u0308o\u0308n-150x150.png\" class=\"attachment-thumbnail size-thumbnail wp-image-1450\" alt=\"\" srcset=\"http:\/\/www.demariteemu.fi\/wp-content\/uploads\/2022\/10\/SDP_Ruusu_2020_Keyline_RGB-nettika\u0308ytto\u0308o\u0308n-150x150.png 150w, http:\/\/www.demariteemu.fi\/wp-content\/uploads\/2022\/10\/SDP_Ruusu_2020_Keyline_RGB-nettika\u0308ytto\u0308o\u0308n-300x300.png 300w, http:\/\/www.demariteemu.fi\/wp-content\/uploads\/2022\/10\/SDP_Ruusu_2020_Keyline_RGB-nettika\u0308ytto\u0308o\u0308n.png 690w\" sizes=\"(max-width: 150px) 100vw, 150px\" \/>\t\t\t\t\t\t\t\t\t\t\t\t\t\t\t<\/div>\n\t\t\t\t<\/div>\n\t\t\t\t\t<\/div>\n\t\t<\/div>\n\t\t\t\t\t\t\t<\/div>\n\t\t<\/section>\n\t\t\t\t\t\t\t<\/div>\n\t\t","protected":false},"excerpt":{"rendered":"<p>NYKYISET LUOTTAMUSTOIMET SDP j\u00e4sen 2016- ja puoluevaltuuston j\u00e4sen 2023- Kuopion kaupunginvaltuuston varavaltuutettu 2021- Hyvinvoinnin edist\u00e4misen lautakunta varsinainen j\u00e4sen 2021- Pohjois-Savon hyvinvointialueen vara-valtuutettu ja Strategia ja Tulevaisuusjaoston varaj\u00e4sen 2022- Ekomodernistit ymp\u00e4rist\u00f6j\u00e4rjest\u00f6n puheenjohtaja 2024- Sosialidemokraattisen puolueen eri ty\u00f6ryhmien j\u00e4sen: Ulko- ja turvallisuuspoliittinen ty\u00f6ryhm\u00e4 2024- Ilmasto ja Ymp\u00e4rist\u00f6 2024- Elinkeino- ja Energiapolitiikka 2024- ANSIOLUETTELO Olen toiminut Finvector Oy:ss\u00e4 &hellip;<\/p>\n<p class=\"read-more\"> <a class=\"\" href=\"http:\/\/www.demariteemu.fi\/?page_id=1395\"> <span class=\"screen-reader-text\">Ansioluettelo<\/span> Lue lis\u00e4\u00e4 &raquo;<\/a><\/p>\n","protected":false},"author":1,"featured_media":0,"parent":0,"menu_order":0,"comment_status":"closed","ping_status":"closed","template":"","meta":{"site-sidebar-layout":"no-sidebar","site-content-layout":"page-builder","ast-global-header-display":"","ast-main-header-display":"","ast-hfb-above-header-display":"","ast-hfb-below-header-display":"","ast-hfb-mobile-header-display":"","site-post-title":"disabled","ast-breadcrumbs-content":"","ast-featured-img":"disabled","footer-sml-layout":"","theme-transparent-header-meta":"","adv-header-id-meta":"","stick-header-meta":"","header-above-stick-meta":"","header-main-stick-meta":"","header-below-stick-meta":"","footnotes":""},"_links":{"self":[{"href":"http:\/\/www.demariteemu.fi\/index.php?rest_route=\/wp\/v2\/pages\/1395"}],"collection":[{"href":"http:\/\/www.demariteemu.fi\/index.php?rest_route=\/wp\/v2\/pages"}],"about":[{"href":"http:\/\/www.demariteemu.fi\/index.php?rest_route=\/wp\/v2\/types\/page"}],"author":[{"embeddable":true,"href":"http:\/\/www.demariteemu.fi\/index.php?rest_route=\/wp\/v2\/users\/1"}],"replies":[{"embeddable":true,"href":"http:\/\/www.demariteemu.fi\/index.php?rest_route=%2Fwp%2Fv2%2Fcomments&post=1395"}],"version-history":[{"count":39,"href":"http:\/\/www.demariteemu.fi\/index.php?rest_route=\/wp\/v2\/pages\/1395\/revisions"}],"predecessor-version":[{"id":2211,"href":"http:\/\/www.demariteemu.fi\/index.php?rest_route=\/wp\/v2\/pages\/1395\/revisions\/2211"}],"wp:attachment":[{"href":"http:\/\/www.demariteemu.fi\/index.php?rest_route=%2Fwp%2Fv2%2Fmedia&parent=1395"}],"curies":[{"name":"wp","href":"https:\/\/api.w.org\/{rel}","templated":true}]}}